{"id":20,"date":"2024-02-05T16:46:36","date_gmt":"2024-02-05T13:46:36","guid":{"rendered":"https:\/\/bilirelektronik.com\/?page_id=20"},"modified":"2024-02-06T13:43:29","modified_gmt":"2024-02-06T10:43:29","slug":"hizmet-alanlarimiz","status":"publish","type":"page","link":"https:\/\/bilirelektronik.com\/index.php\/hizmet-alanlarimiz\/","title":{"rendered":"Hizmet Alanlar\u0131m\u0131z"},"content":{"rendered":"\n<div class=\"wp-block-cover alignfull\" style=\"min-height:261px;aspect-ratio:unset;\"><span aria-hidden=\"true\" class=\"wp-block-cover__background has-background-dim\"><\/span><img loading=\"lazy\" decoding=\"async\" width=\"2560\" height=\"1706\" class=\"wp-block-cover__image-background wp-image-58\" alt=\"\" src=\"https:\/\/bilirelektronik.com\/wp-content\/uploads\/2024\/02\/pexels-cottonbro-studio-4709369-1-scaled.jpg\" style=\"object-position:45% 0%\" data-object-fit=\"cover\" data-object-position=\"45% 0%\" srcset=\"https:\/\/bilirelektronik.com\/wp-content\/uploads\/2024\/02\/pexels-cottonbro-studio-4709369-1-scaled.jpg 2560w, https:\/\/bilirelektronik.com\/wp-content\/uploads\/2024\/02\/pexels-cottonbro-studio-4709369-1-300x200.jpg 300w, https:\/\/bilirelektronik.com\/wp-content\/uploads\/2024\/02\/pexels-cottonbro-studio-4709369-1-1024x683.jpg 1024w, https:\/\/bilirelektronik.com\/wp-content\/uploads\/2024\/02\/pexels-cottonbro-studio-4709369-1-768x512.jpg 768w, https:\/\/bilirelektronik.com\/wp-content\/uploads\/2024\/02\/pexels-cottonbro-studio-4709369-1-1536x1024.jpg 1536w, https:\/\/bilirelektronik.com\/wp-content\/uploads\/2024\/02\/pexels-cottonbro-studio-4709369-1-2048x1365.jpg 2048w\" sizes=\"auto, (max-width: 2560px) 100vw, 2560px\" \/><div class=\"wp-block-cover__inner-container is-layout-constrained wp-block-cover-is-layout-constrained\">\n<p class=\"has-text-align-center has-x-large-font-size\" style=\"margin-top:0;margin-right:0;margin-bottom:0;margin-left:0;padding-top:0;padding-right:0;padding-bottom:0;padding-left:0;line-height:1.5\">H\u0130ZMET ALANLARIMIZ<\/p>\n<\/div><\/div>\n\n\n\n<hr class=\"wp-block-separator has-alpha-channel-opacity\"\/>\n\n\n\n<h4 class=\"wp-block-heading\">ELEKTRON\u0130K KART\/C\u0130HAZ BAKIM VE ONARIMINDA H\u0130ZMET&nbsp;VERD\u0130\u011e\u0130M\u0130Z ALANLAR&nbsp;;<\/h4>\n\n\n\n<figure class=\"wp-block-image size-full\"><img loading=\"lazy\" decoding=\"async\" width=\"700\" height=\"418\" src=\"https:\/\/bilirelektronik.com\/wp-content\/uploads\/2024\/02\/5122017221628.png\" alt=\"\" class=\"wp-image-84\" srcset=\"https:\/\/bilirelektronik.com\/wp-content\/uploads\/2024\/02\/5122017221628.png 700w, https:\/\/bilirelektronik.com\/wp-content\/uploads\/2024\/02\/5122017221628-300x179.png 300w\" sizes=\"auto, (max-width: 700px) 100vw, 700px\" \/><\/figure>\n\n\n\n<div class=\"wp-block-group is-layout-flow wp-block-group-is-layout-flow\">\n<h4 class=\"wp-block-heading\">TEKST\u0130L MAK\u0130NELER\u0130<\/h4>\n\n\n\n<p>Air-Jet Dokuma Makinesi, Bonas Dokuma Makinesi, Dornier Dokuma Makinesi<br>Muhrip Dokuma Makinesi, MuJet Dokuma Makinesi, Orvac Bask\u0131 Makinesi, Shima Seiki<br>Barmag Tekst\u00fcre Makinesi, Beninger \u00c7\u00f6zg\u00fc Makinesi, Zangs Brode Makinesi<br>Dornier Dokuma Makinesi, Esca, Focus Bask\u0131 Makinesi, \u00d6rg\u00fc ya\u011flama kartlar\u0131<br>Herzog Laser Kesim Makinesi, Karl Mayer \u00c7\u00f6zg\u00fcl\u00fc \u00d6rme Makinesi,Dozaj pompa kartlar\u0131&nbsp;<br>Karl Mayer Dantel Makinesi, Karl Mayer Dokuma \u00c7\u00f6zg\u00fc, Sup kartlar\u0131, Rtc kartlar\u0131<br>Karl Mayer Jarse Makinesi, Karl Mayer \u00d6rme \u00c7\u00f6zg\u00fc Makinesi, Zimmer kartlar\u0131,<br>Leaaser Brode Makinesi, Liba \u00d6rme Makinesi,&nbsp;Mentasti, Hct kartlar\u0131, Plc kartlar\u0131<br>M\u00fcller Dokuma Makinesi, Perfecta Kesim Makinesi, Picanol Dokuma Makinesi<br>Rapierli Dokuma Makinalar\u0131, Saurer Brode Makinesi, Y\u0131kama kartlar\u0131, Referans kartlar\u0131<br>Somet Dokuma Makinesi, Stoll Triko, Sulzer Dokuma Makinesi, Senkronize kartlar\u0131<br>Vamatex Havlu Dokuma Tezgahlar\u0131, Vamatex cpu kartlar\u0131, Yumu\u015fak yol vericiler<br>Adc kurutma kartlar\u0131, \u00d6rg\u00fc lojik kartlar\u0131, Tarak emniyet kartlar\u0131, Bas\u0131n\u00e7 Sens\u00f6r\u00fc<br>Vamatex pik kartlar\u0131, Vamatex ekran kartlar\u0131, Vamatex \u00f6rg\u00fc ya\u011flama kartlar\u0131<br>Z.Sperrwander, Z.Steuerung-lw kart\u0131, K.Can Stepper, Atk\u0131 Hissdici Eltex,<br>Bobin \u0130\u011f Kontrol Kart\u0131, Cer Ekran ve Kart\u0131, Corolab Kafa, Corolab Kart\u0131,<br>Corolab Q Board, Corolab Q Board Kart\u0131, Corolab Temizleyici Kafa, \u0130plik Bekcisi,<br>KM Steuerung, Schlaforst Bobin Kumanda Kart\u0131, K.Netze\u0131l 148 670 130,<br>K.RM SP Steuerung, K.SP Endstufe, K.Treiber, Murata \u0130\u011f Kart\u0131, Muratec MC7,<br>Novatech, Nuova Vamateks, Nouva Vamatex, Nouva Vamatex Kart\u0131,<br>O.E Corolab Q Board Kart\u0131, O.E \u0130P U\u00e7 Bulucu, O.E Upr Kart\u0131, Picanol 164045 Kart\u0131<br>Picanol VPM-LT, PLC Analog Kart\u0131, PLC Input Kart\u0131, PLC \u0130nput Kart\u0131, PLC Output Kart\u0131<br>Plc Simatic S5, Plc S\u0131mat\u0131c S5, R\u0131eter Inverter, Rieter \u0130nverter, Rieter Pc,<br>Ring Gezer Plc Mod\u00fcl, Rmc 186C Kart\u0131, R\u00f6le Kart\u0131, Savio, Sav\u0131o Yaz\u0131c\u0131, Savio \u0130\u011f Kart\u0131,<br>Savio Bobin Makinesi Pc Kart\u0131, Sclafhorst Bobin \u0130\u011f Kart\u0131 SP 148 670, Sclafhorst Ekran,<br>Schneider Plc Kart\u0131, Schne\u0131der Plc Kart\u0131, Siemens Stop Power 12, Z\u0131nser A2 Kart\u0131<br>Siemens Sitop Power 12, S-MFZ Kart\u0131, Sitop Power 12 G\u00fc\u00e7 Kayna\u011f\u0131 24 v,<br>Suessen Plc Interface Ekran, Suessen Ekran, Suessen Plc Ekran, Sulzer Program Kart\u0131,<br>Tarak Ekran Kart\u0131 Atc 2, Tarak Ekran, Tarak Ekran Kart\u0131, Tr\u00fctzchler Ekran,<br>Tr\u00fctzchler Tarak Kart\u0131, Tr\u00fctzchler Vnb 1 Kart\u0131, Tr\u00fctzchler Gmb 1A (Tarak Kart\u0131),<br>Uster, Uster 304001-13000, Uster AE UPM Lite AE3N MC, Uster Automatic,<br>Uster C15 F23, Uster C20 F23, Uster&nbsp;Cleaner CCU SG 2000\/2, Uster&nbsp;Cleaner CSE V1<br>Uster D3 AC3, Uster D4 G\u00f6vde, Uster D4 Kafa, Uster D4 MC JV, Uster D4 MC SLMT<br>Uster D4 RA SLMT Splicer, Uster D4 CA SLMT, Uster FP MT Sens\u00f6r, Uster IMK C15<br>Uster IMK C15 Kafa, Uster Inside I\u011f Kart\u0131, Uster IMK 030 F23 Quantum,<br>Uster Lomdata, Uster MK 30 Kafa, Uster MK C15 10, Uster MK C15 A2,<br>Uster MK C15 MC B2, Uster MK C20 12, Uster MK C20 21, Uster MK C20 A2,<br>Uster MK C20 MC B2, Uster MK F20 B3, Uster MK C15 AC3, Uster MK C15 MC B2,<br>Uster MK C15 MC B2 Kafa, Siemens S\u0131top Power 12, Uster MK C20 MC B3,<br>Uster OH Sens\u00f6r, Uster Polymatic UPM 1 AE2, Uster Polymatic UPM1 Lite AC 238\/SYS<br>Uster Power, Uster Power Unit, Uster Quantum Imk C 15, Uster Tensokid Onar\u0131m\u0131<br>Uster Tester3 Kart\u0131, Uster UMP1-AE3, Uster UT4 Sens\u00f6r OH, Uster \u00dcnitesi,<br>UT3 EC1 PWS, Vamatex Fren Kart\u0131, Vater Kafalar\u0131, VC 999 Kart\u0131, Vectron Inverter,<br>Zinser A3 Kart\u0131, Zinser Kart\u0131 Bauteileseite, Z\u0131nser Kart\u0131 Baute\u0131lese\u0131te kart\u0131,<br>Zinser Ekran, Zinser Fitil Say\u0131c\u0131, Zinser G2 Kart\u0131, Zwe\u0131gle D314 B\u00fck\u00fcm Test Cihaz\u0131,<br>Uster Yaz\u0131c\u0131, Zweigle P220 Yaz\u0131c\u0131, Encoder Tamiri<\/p>\n\n\n\n<h4 class=\"wp-block-heading\">PLAST\u0130K MAK\u0130NELER\u0130<\/h4>\n\n\n\n<p>Starlinger Loom Control, Loh\u0131a Loom Control, Stacoloom Weaving, Kon Conversion&nbsp;<br>Stacoflex Conversion, Stacopress Conversion, Stacofil Winding&amp;Automation;&nbsp;<br>Recostar Recling, Starex Extrusion,&nbsp;<\/p>\n\n\n\n<h4 class=\"wp-block-heading\">PLAST\u0130K&nbsp;&nbsp; ENJEKS\u0130YON&nbsp;&nbsp; MAK\u0130NELER\u0130<\/h4>\n\n\n\n<p>Boy, batten Feld 400, arburg 221 E1 170 P 25 220, Dr.Sommer 1690, Buhler 265&nbsp;<br>Demag D 100 &#8211; S 160- D 125 NCII, Engel Es150 A1 150, Stubbe S 852 &#8211; Skm 450&nbsp;<br>F.Bucher Sga140Td -TS 80\/300- Ts 200\/880, Windsor&nbsp;<br>Idra Mp 500, K.Maffei Km150\/620 B- Km1800\/14700 A, Klockner F 130 -F40&nbsp;<br>Krupp KR 5850, Natco 225E\/350E, Negri-BossiI, 130 Netstal N 350\/130 C 130&nbsp;<br>Plasmak 90, Rico 80, Sandretto 1250\/250 T 250&nbsp;<br>Stork- St 510-130\u2013 St 2500-330- Sx 3500-2500-St2500-440<\/p>\n\n\n\n<h4 class=\"wp-block-heading\">CNC,&nbsp; TORNA&nbsp; VE&nbsp; EREZYON&nbsp; MAK\u0130NELER\u0130<\/h4>\n\n\n\n<p>Agie Dem 315 Tel Erezyon, Brother Cnc, Deckel Freze, Chiron Fz185 Freze, Fanuc Cnc&nbsp;<br>Charmilles Robofrom C400 Dalma Erezyon, Fadal Cnc, Dmg (Heidelberg Tnc 430)&nbsp;<br>Meteor Ppa 620 Bobin Sarma, Hws 1000 Bobin Sarma, Hermle (Heidenhain Tnc 430)&nbsp;<br>Hardford Cnc, Haas Vf-4 Cnc, Fb 42 Deckel Freze, Mazak Cnc, Matsura Mx-1 Cnc&nbsp;<br>Maho, Macmon, Kuraki Cnc, Hunco, Oerlikon (HEIDENHAIN TNC 355), Miyano Cnc&nbsp;<br>Siemens Cnc(SINUMERIK 802C\/S; 802C-MM; 802D ), Takisawa Cnc,Nakamura Cnc&nbsp;<br>Shw (HEIDENHAIN TNC 355), Okuma Cnc, Supermax Cnc, Yaskawa Cnc&nbsp;<br>Tuschierpresse Millutensil, Tmc-500 Taksan Freze, Mikron (HEIDENHAIN TNC 407)<\/p>\n\n\n\n<h4 class=\"wp-block-heading\">GEM\u0130&nbsp; ELEKTRON\u0130K&nbsp; C\u0130HAZ&nbsp; VE&nbsp; KARTLARI<\/h4>\n\n\n\n<p>Radar Lcd Ekran ve Monit\u00f6rler, Power Supply, Redresor, Ups, Inverterler&nbsp;<br>Seviye G\u00f6sterge Paneller, Ar\u0131za G\u00f6sterge Paneller, Motor Driver&amp;S;\u00fcr\u00fcc\u00fcler&nbsp;<br>Pompa Kartlar\u0131, Analog Kartlar, Dijital Kontrol Kartlar\u0131<\/p>\n\n\n\n<h4 class=\"wp-block-heading\">OTOMOT\u0130V&nbsp; SANAY\u0130&nbsp; VE&nbsp; YAN&nbsp; SANAY\u0130&nbsp; MAK\u0130NELER\u0130<\/h4>\n\n\n\n<p>Montaj makine ve robotlar, Punta kaynak tabancalar\u0131, Pres makineleri&nbsp;<br>Egzoz imalat makineleri, Plastik imalat makineleri, Motor test odalar\u0131ndaki makineler<\/p>\n\n\n\n<h4 class=\"wp-block-heading\">ELEKTR\u0130KL\u0130&nbsp; FORKL\u0130FTLER<\/h4>\n\n\n\n<p>Jungheinrich Forklift Kart\u0131, Crown Forklift Kart\u0131, Clark Forklift Kart\u0131,&nbsp;<br>Still Forklift Kart\u0131, Linde Forklift Kart\u0131, Komatsu Forklift Kart\u0131, Yale Forklift Kart\u0131,&nbsp;<br>Hyster Forklift Kart\u0131, Nissan Forklift Kart\u0131, Bosch Forklift Kart\u0131, Elektrikli Forklift Kart\u0131,&nbsp;<br>Forklift Kart\u0131 Tamiri, Forklift Kart\u0131 Onar\u0131m\u0131, &nbsp;<\/p>\n\n\n\n<h4 class=\"wp-block-heading\">MATBAA&nbsp; VE&nbsp; AMBALAJ&nbsp; MAK\u0130NELER\u0130<\/h4>\n\n\n\n<p>Celaphone Lamination Machine, Agfa Contact, Adast 725P, Slitter, Shoei Folder<br>Chameleon Colour Thinting &amp; Mixing Systems, Edelman \u2013 Roland 38 cm 4 Colours<br>Colour Seperation Department, Creo Ctp, Thieme 1020 Semi-Automatic<br>Form Consulta 48 cm 4 Colours, Edelman \u2013 Roland Pack To Pack, Uter Collater 48 cm<br>Form Consulta Collater 48 cm (2 Units), Konica Excelart Ex 900 D, Shring Machine<br>Gestetner Press, Heidelberg Sorm 1 Colour, Morgana Numerator, Heidelberg Press Unit<br>Gretag Macbethi 8 Colour Eye 2180 Uv ) Colour Control Systems<br>Heidelberg Hercules Bas\u0131c Film Output Unit), Self Adhesive Labels Production Hall<br>Heidelberg Speedmaster 74\u20135 Colours,&nbsp;Kba Rapida 10, Silk Screen Production Hall<br>Heidelberg Tango Scanner, Howard, Iwasaki Lr 25 6 Colours Semi Rotative<br>Mitsubishi 3H \u2013 4 Colours, Lombardi Special Label CUtter, Screen Camera C 600 C<br>Komori Sprint II. 28 2 Colours, \u0130wasaki Ruh 50 6 Colours Semi Rotative<br>Muller Martini Pony Saddle, Omega Quality Control, Polar Guillotine 92<br>Smag C4R Quality Control, Smag Galaxie Wrap, Taiyo Kikai Tlc Full Rotative 6 Colours<br>Man Roland Makinesi, Haris Web Makinesi, Wohlenberg, M\u00fcller Martini, Escomat<br>Poligraf, Kolbus, Stahl, Pony 9, BILLH\u00d6FER, Polar, Lotem 800, Forma Press<br>Selefon Kaplama Makinesi, S\u0131valama Makinesi, Bobin Ebatlama Makinesi<\/p>\n\n\n\n<h4 class=\"wp-block-heading\">\u0130NVERTERLER&nbsp;&nbsp;&nbsp; (S\u00dcR\u00dcC\u00dcLER)<\/h4>\n\n\n\n<p>Siemens, Lenze, Abb, Control Tecnique, Telemechanique, Yaskawa, Toshiba, Bosch&nbsp;<br>Riello, Raliance electric, Square D, Heidenhain, Modicon, Sew eurodriver, Danfoss&nbsp;<br>Omron,Kep, Spell, Dc s\u00fcr\u00fcc\u00fcler, Servo s\u00fcr\u00fcc\u00fcler, Frekans inverterleri, \u0130nverter tamiri&nbsp;<br>Baumuller S\u00fcr\u00fcc\u00fc Kart\u0131 BUS21LB, AC S\u00fcr\u00fcc\u00fc, AC Driver, AC Servo Driver,&nbsp;<br>Inverter Kontrol Kart\u0131, I\u011f Inverter, Microdrive 8-16 Motor S\u00fcr\u00fcc\u00fc, Mitsubishi Inverter,&nbsp;<br>M\u0131tsub\u0131sh\u0131 S\u00fcr\u00fcc\u00fc, Lenze 9220, Lenze 9300 Serisi, Lenze 8200 Serisi, SMD S\u00fcr\u00fcc\u00fcler,&nbsp;<br>Seidel Servo Motor S\u00fcr\u00fcc\u00fc, Savio Motor S\u00fcr\u00fcc\u00fc, Savio Inverter, Siemens Simatic,&nbsp;<br>Step Motor S\u00fcr\u00fcc\u00fc, Vectron Inverter, Besleme Kart\u0131, Seidel Motor S\u00fcr\u00fcc\u00fc,&nbsp;<br>Mitsubishi Inverter, Micro Drive, Allen Breadley, Compact Servo Driver, AMK,&nbsp;<br>Zinser Planga Servo S\u00fcr\u00fcc\u00fc, Rieter Inverter, Texinvert&nbsp;<\/p>\n\n\n\n<h4 class=\"wp-block-heading\">D\u0130\u011eER TAM\u0130R ED\u0130LEN KARTLAR<\/h4>\n\n\n\n<p>Amano Transfer Kart\u0131, Display Kart\u0131, Conboard, Besleme Mod\u00fcl ve Kartlar\u0131,&nbsp;<br>kart, Enerji Analiz Cihazlar\u0131, \u00d6l\u00e7\u00fcm Cihazlar\u0131, Vipenergy, vipsystem3, Microvip3, Pfrmd,&nbsp;<br>Pf, H\u00fcrner, Georgfischer, Friamat, Tega, Roweld Rofuse, Uster Reg\u00fcle Sistemleri,&nbsp;<br>Marzoli Ekran, Uster Silver Kontrol, Bariyer Cihazlar\u0131, Vouk Penye Cpu Kart\u0131,&nbsp;<br>Plc Elektronik, Monfor-Matic, Cpu Vatka, Taban Kart\u0131, Rocvell Automation,&nbsp;<br>Gasco Controller, Elektronik Kart Tamiri&nbsp;<br><br><strong>NOT:<\/strong>&nbsp;<strong>Yukar\u0131daki Listede Yaz\u0131l\u0131 Olmayan Bir\u00e7ok Marka Elektronik Kart Ve Cihaz Tamir Ve Bak\u0131m\u0131n\u0131 yapmaktay\u0131z<\/strong><\/p>\n<\/div>\n","protected":false},"excerpt":{"rendered":"<p>ELEKTRON\u0130K KART\/C\u0130HAZ BAKIM VE ONARIMINDA H\u0130ZMET&nbsp;VERD\u0130\u011e\u0130M\u0130Z ALANLAR&nbsp;; TEKST\u0130L MAK\u0130NELER\u0130 Air-Jet Dokuma Makinesi, Bonas Dokuma Makinesi, Dornier Dokuma MakinesiMuhrip Dokuma Makinesi, [&hellip;]<\/p>\n","protected":false},"author":1,"featured_media":0,"parent":0,"menu_order":0,"comment_status":"closed","ping_status":"closed","template":"","meta":{"site-sidebar-layout":"default","site-content-layout":"","ast-site-content-layout":"default","site-content-style":"default","site-sidebar-style":"default","ast-global-header-display":"","ast-banner-title-visibility":"","ast-main-header-display":"","ast-hfb-above-header-display":"","ast-hfb-below-header-display":"","ast-hfb-mobile-header-display":"","site-post-title":"disabled","ast-breadcrumbs-content":"","ast-featured-img":"","footer-sml-layout":"","ast-disable-related-posts":"","theme-transparent-header-meta":"","adv-header-id-meta":"","stick-header-meta":"","header-above-stick-meta":"","header-main-stick-meta":"","header-below-stick-meta":"","astra-migrate-meta-layouts":"default","ast-page-background-enabled":"default","ast-page-background-meta":{"desktop":{"background-color":"var(--ast-global-color-4)","background-image":"","background-repeat":"repeat","background-position":"center center","background-size":"auto","background-attachment":"scroll","background-type":"","background-media":"","overlay-type":"","overlay-color":"","overlay-opacity":"","overlay-gradient":""},"tablet":{"background-color":"","background-image":"","background-repeat":"repeat","background-position":"center center","background-size":"auto","background-attachment":"scroll","background-type":"","background-media":"","overlay-type":"","overlay-color":"","overlay-opacity":"","overlay-gradient":""},"mobile":{"background-color":"","background-image":"","background-repeat":"repeat","background-position":"center center","background-size":"auto","background-attachment":"scroll","background-type":"","background-media":"","overlay-type":"","overlay-color":"","overlay-opacity":"","overlay-gradient":""}},"ast-content-background-meta":{"desktop":{"background-color":"var(--ast-global-color-5)","background-image":"","background-repeat":"repeat","background-position":"center center","background-size":"auto","background-attachment":"scroll","background-type":"","background-media":"","overlay-type":"","overlay-color":"","overlay-opacity":"","overlay-gradient":""},"tablet":{"background-color":"var(--ast-global-color-5)","background-image":"","background-repeat":"repeat","background-position":"center center","background-size":"auto","background-attachment":"scroll","background-type":"","background-media":"","overlay-type":"","overlay-color":"","overlay-opacity":"","overlay-gradient":""},"mobile":{"background-color":"var(--ast-global-color-5)","background-image":"","background-repeat":"repeat","background-position":"center center","background-size":"auto","background-attachment":"scroll","background-type":"","background-media":"","overlay-type":"","overlay-color":"","overlay-opacity":"","overlay-gradient":""}},"footnotes":""},"class_list":["post-20","page","type-page","status-publish","hentry"],"_links":{"self":[{"href":"https:\/\/bilirelektronik.com\/index.php\/wp-json\/wp\/v2\/pages\/20","targetHints":{"allow":["GET"]}}],"collection":[{"href":"https:\/\/bilirelektronik.com\/index.php\/wp-json\/wp\/v2\/pages"}],"about":[{"href":"https:\/\/bilirelektronik.com\/index.php\/wp-json\/wp\/v2\/types\/page"}],"author":[{"embeddable":true,"href":"https:\/\/bilirelektronik.com\/index.php\/wp-json\/wp\/v2\/users\/1"}],"replies":[{"embeddable":true,"href":"https:\/\/bilirelektronik.com\/index.php\/wp-json\/wp\/v2\/comments?post=20"}],"version-history":[{"count":8,"href":"https:\/\/bilirelektronik.com\/index.php\/wp-json\/wp\/v2\/pages\/20\/revisions"}],"predecessor-version":[{"id":115,"href":"https:\/\/bilirelektronik.com\/index.php\/wp-json\/wp\/v2\/pages\/20\/revisions\/115"}],"wp:attachment":[{"href":"https:\/\/bilirelektronik.com\/index.php\/wp-json\/wp\/v2\/media?parent=20"}],"curies":[{"name":"wp","href":"https:\/\/api.w.org\/{rel}","templated":true}]}}